ded by 35?
32
Let l(v) = v**2 + 14*v - 85. Let k be (-697)/34 + 3/(-2). Calculate the remainder when l(k) is divided by 11.
3
Let o be (-9)/(-2) + ((-6)/4)/(-3). Suppose 0 = -c - 5*t - o, 3*t + 3 = -4*c - 0. What is the remainder when (-209)/33*(-3 - (0 + c)) is divided by 3?
1
Suppose -6 = 14*p - 16*p. Let s(q) = q**3 - 6*q**2 + 6*q - 3. Let b be s(p). What is the remainder when 80 is divided by -9*(b/(-3) + -7)?
26
Let g = 50 - 62. Let a be (g/33)/2 + (-2)/(-11). Suppose 32 = 4*w - 2*t, t = w - 6 - a. What is the remainder when 68 is divided by w?
8
Suppose -6651 - 1077 = -28*m. Calculate the remainder when m is divided by 68.
4
Suppose 2197*j - 2192*j - 221 = -q, 5*q - 1165 = -5*j. What is the remainder when q is divided by 36?
20
Let n be (3/2)/(((-27)/6)/9). Calculate the remainder when (-1)/(n + (-3038)/(-1015)) is divided by 38.
31
Let f be (-4)/(-7) + 342/14. Let h = 63 - f. Calculate the remainder when h is divided by (-8)/(-10)*210/12.
10
Calculate the remainder when (-2 - -1250)*(-160)/(-480) is divided by 86.
72
Let g(r) = -10*r + 3 - 11 + r**2 + 0 + 1. Let p be g(11). Suppose 2*j - 12 = p. What is the remainder when 15 is divided by j?
7
Let h(u) = 39*u**3 - 2*u**2 + 5*u - 7. Let i = -518 + 531. What is the remainder when h(2) is divided by i?
8
Suppose 44*v - 25*v = -33*v + 229736. What is the remainder when v is divided by 85?
83
Let i(t) = -t + 30. Let m be (-29 - -15)/(2*-1). Calculate the remainder when 40 + 4 - (0 - 1) is divided by i(m).
22
Suppose -s + 0*o + 3 = -3*o, -o = 3*s - 39. Let j(f) = -2*f**2 - 98*f - 914. What is the remainder when j(-27) is divided by s?
10
Let p be 6/(-9) - (-184)/69. Suppose -g - 80 = -5*u - 0*g, -5*g = -p*u + 9. Calculate the remainder when 150 is divided by u.
14
Calculate the remainder when 6649 is divided by 18368/288 + 4/3 + (-130)/117.
57
Let r(x) = -20*x + 3. Calculate the remainder when (-31 - -30)/(0 + 2/(-422)) is divided by r(-2).
39
Suppose 5*f = -4*n - 15, -n + 2*f = 1 - 7. Suppose -a - 2*a - 36 = n. Calculate the remainder when 10 is divided by a/(-5)*(-35)/(-14).
4
Calculate the remainder when (-2)/((-4)/14) + (-461 - -909) is divided by 17.
13
Let s(y) = -y**2 - 6*y - 8. Let o be s(-3). Let b = 194 - 61. What is the remainder when b is divided by o*(1 - 4) - -37?
31
Calculate the remainder when 303 is divided by 840/90*6/8.
2
Calculate the remainder when 4469 is divided by (264/3168)/(5/5172) - (-2)/(-10).
83
Let g = -108 + 110. Suppose 33 = g*r + r. Suppose q - r*q = -150. Calculate the remainder when q is divided by 8.
7
Let n(u) = u - 9. Let m be n(16). Suppose -m + 23 = 8*f. Suppose 23 = -h - 5*z + 101, 4*h - 222 = -f*z. Calculate the remainder when h is divided by 11.
9
Suppose -4*a - 174*x = -175*x - 189, -4*a - 2*x = -174. Calculate the remainder when 644 is divided by a.
0
Suppose 10*w = 8*w + 120. Calculate the remainder when 1/(12552/(-1794) + 7) is divided by w.
59
Suppose -4*u - 3*z + 57 = 0, -3 = 2*z - 1. Suppose u + 15 = 5*a. What is the remainder when (-7 - (-43 + 8)) + 1*-1 is divided by a?
3
Suppose 4*m + 6 = -2. Let s(c) = 5*c**2 + 8*c + 6. Calculate the remainder when 17 is divided by s(m).
7
Let p = -7 - -16. Let c(g) = -g**3 + 21*g**2 - 16*g - 21. Let x be c(20). Suppose 12 + x = v. Calculate the remainder when v is divided by p.
8
Calculate the remainder when 257 is divided by ((-8)/6 - 105/63)*-24.
41
Suppose 7*h = 8*h + 3. Let x = h - -12. Let w(c) = -c**2 + 8*c + 24. Calculate the remainder when 268 is divided by w(x).
13
Let y(k) be the third derivative of k**6/120 - 7*k**5/60 - k**4/8 + 73*k**3/6 - 153*k**2. Calculate the remainder when y(7) is divided by 22.
8
Let y(r) = -6*r**2 + 459*r - 483. Calculate the remainder when 1329 is divided by y(75).
177
Let g = -64 + 80. Suppose -g*f - 51 = -19*f. What is the remainder when 28 is divided by f?
11
Suppose -9*s + 54 = -6*s. Let v be s/(-45) - ((-114)/10 + -1). What is the remainder when v*((-8)/3)/(-1) is divided by 7?
4
Let y be (-375)/(161/21 + -8). Suppose 13*w = -2*w + y. What is the remainder when 253 is divided by w?
28
Suppose 120*t = 81*t + 12129. What is the remainder when t is divided by 148?
15
Suppose 24*m = 11*m + 858. What is the remainder when 473 is divided by m?
11
Suppose 9*s = 5*s - 4*z + 28, 0 = -s + 5*z + 7. Calculate the remainder when 1210 is divided by s.
6
Let t be (99 - 99)*((-4)/(-2))/(-2). Let x be (-81)/((-1)/5*1). Suppose 16*p - 7*p - x = t. Calculate the remainder when p is divided by 10.
5
Suppose -3*n + 8 - 32 = 0. Let d be (-4 - n) + 3 + -2. Suppose -4*c + 589 = d*i - 25, 0 = -3*i - 5*c + 358. What is the remainder when i is divided by 43?
40
Suppose 32*c = 33*c. Suppose -3*w - 2*b + 67 = -c*w, -4*b + 34 = 2*w. What is the remainder when 40 is divided by w?
15
Suppose -14*w + 12*w + 3*o = -291, -440 = -3*w + o. Suppose w = 3*u - 2*z, u - 58*z - 49 = -63*z. Calculate the remainder when 174 is divided by u.
27
Let b = -2636 + 2642. What is the remainder when 272 is divided by b?
2
Let h(g) = g**2 + 2*g - 11. Let f be h(-5). Let z be f/(-14) + 282/(-42). Let b = 78 + z. What is the remainder when b is divided by 18?
17
Suppose 11*m = 12*m - 4*j - 364, -2*m + 3*j = -753. What is the remainder when m is divided by 96?
0
Suppose -3*t + t = -124. Suppose 19*l = 1677 + 584. What is the remainder when l is divided by t?
57
Let g(y) = y**3 + 4*y**2 - 9*y - 6. Let n(f) = f**2 + 22*f + 13. What is the remainder when n(6) is divided by g(-5)?
13
Let c(x) = -x**3 + x**2 - 4*x - 10. Let z be c(-3). Let k be (15/6)/(1 + z/(-36)). Let m = 50 + k. What is the remainder when 24 is divided by m?
4
Let b = 189 + -177. Let v(i) = 2*i**2 - 22*i + 58. What is the remainder when v(b) is divided by 22?
16
Let u be 18/(-14) + 6/21. Suppose -3*b + 2*d = -61, 3*b - 5*d - 21 = 37. What is the remainder when 4/u + 86 - 0 is divided by b?
19
Suppose -51 = -2*u + 9. Suppose u*t = 31*t - 24. Suppose 14 + t = m. Calculate the remainder when m is divided by 20.
18
Suppose 212 = -3*c + 5*c. Suppose -5*t - 791 + 3311 = 0. What is the remainder when c is divided by 1 + (-1 - 0) - t/(-14)?
34
Let f(t) = -t**2 + 5*t + 10. Let a be f(-10). What is the remainder when 2/7 - 10880/a is divided by 27?
24
Suppose -3*a - 44 = -2*t - 7*a, -3*t + 48 = -3*a. Suppose -6103 = -2*k - 15*k. What is the remainder when k is divided by t?
17
Let g = 203 + 544. Let o = g - 442. Suppose o = -y + 6*y. Calculate the remainder when y is divided by 17.
10
Let y(a) = 4*a - 48. Let x(l) = -l**2 - 50*l - 423. Calculate the remainder when x(-20) is divided by y(21).
33
Let w(p) = -2*p**3 - 12*p**2 + 12*p - 6. Suppose 17 = -4*q - 7. Let m be ((-1)/1 - 0/9) + q. What is the remainder when 28 is divided by w(m)?
4
Let c be (-4)/(-2)*(5 - 4). Let u(i) = i**3 - 17 - 14*i + 366*i**c - 720*i**2 + 360*i**2. What is the remainder when 126 is divided by u(-7)?
30
Suppose -291*q + 289*q - 13 = 5*w, 25 = 5*q + w. Let a = -92 + 226. What is the remainder when a is divided by q?
2
Suppose 0 = 3*t + 5*n - 1056, -11*t = -9*t - n - 691. Calculate the remainder when t is divided by 50.
47
Let i = 437 - 434. Let y(j) = 62*j - 367. Calculate the remainder when y(7) is divided by i.
1
Let w(x) = -9*x**2 + 9*x + 512. What is the remainder when w(-7) is divided by (-1)/3 - (-40)/12?
2
Let u be -871 - 0/((-15)/(-5)). What is the remainder when (-1)/2 + u/(-26) is divided by (3/(-4))/(6/(-96))?
9
Suppose 0 = 76*f - 86*f + 70. What is the remainder when 17 + f - (-1 + 6) is divided by 7?
5
Let k(i) = i**3 - 17*i**2 + 82*i - 98. Calculate the remainder when 467 is divided by k(11).
77
Suppose 5*g + c = -0*g + 255, -3*g + 3*c = -135. Suppose 5*k - o - 9 = 0, 2*k - 3*o - 6 - 8 = 0. What is the remainder when g/6*(2 + k) is divided by 10?
5
Let v(d) = d**2 + d + 1. Let b(w) = 13*w**2 - 40*w - 11. Suppose h + 9*h - 50 = 0. What is the remainder when b(h) is divided by v(-4)?
10
Suppose -7*u - 18 = -4. Let w = 11 + -4. What is the remainder when 0 + (-7 + u)*-5 is divided by w?
3
Suppose -42*v + 23*v = -1786. Calculate the remainder when 235 is divided by v.
47
Let t = 53 - 20. Let y(i) = -45*i + 4. What is the remainder when y(-2) is divided by t?
28
Let l = 694 + -647. Suppose -179 = -5*t - b, 4*b - 7*b = t - l. What is the remainder when 346 is divided by t?
31